2*p - 3*p + 3*p + 1. Suppose -c + 4 = -w, c = 6*c - w. What are the prime factors of d(c)?
3
Let g be 1 - 1 - -13*1. Suppose -4*l = -137 + g. List the prime factors of l.
31
Suppose 10*t - 105 = 7*t. What are the prime factors of t?
5, 7
Let f(v) = -18*v - 1. What are the prime factors of f(-2)?
5, 7
Suppose 0 = -5*v + 625 + 670. What are the prime factors of v?
7, 37
Suppose 0 = -12*n + 14*n + 6. What are the prime factors of (-2)/(n*8/444)?
37
Suppose 0 = -5*y - 1 - 14. Let x be (y + 1)*(-3)/(-2). Let p = -1 - x. List the prime factors of p.
2
Let b = 50 - 26. List the prime factors of b.
2, 3
Let p = 0 + -5. Let v = p - -13. List the prime factors of v.
2
Suppose -4*s + 0*s = -8. Let v be ((s - 0) + 28)*-1. What are the prime factors of (-2 - 0)/(12/v)?
5
Suppose 6*w - 2*w = 24. What are the prime factors of -7*w*1/(-7)?
2, 3
Suppose 125*u = 118*u + 1498. List the prime factors of u.
2, 107
Let z(q) = q**2 - 3*q. Let j be z(4). Suppose -d = j*d. Suppose 1 = -a + 2*l + 16, -4*l - 8 = d. What are the prime factors of a?
11
Let f be ((-2)/(-2))/(4/12). Let i(b) = b + 1. Let o be i(1). Suppose 2*n - 12 = -p - f*n, -o*p + n = -2. What are the prime factors of p?
2
Let j = -4 - -4. Let t = j - -10. List the prime factors of t.
2, 5
Suppose 0 = -0*p + 4*p. Suppose 28 = 3*x + 2*h - h, p = -4*x + 2*h + 34. List the prime factors of x.
3
Let i be 1/(1 - 6/5). Let a = i - -5. List the prime factors of (-8 - -23)*(1 - a).
3, 5
Let j(p) = -3*p + 21 + 3*p + 0*p - p. List the prime factors of j(0).
3, 7
Let m = 10 + -6. Suppose -3*x - 57 = -3*v, -54 + 18 = 3*x + m*v. Let b = x - -23. What are the prime factors of b?
7
What are the prime factors of (123/12)/((-2)/(-8))?
41
Let j = -11 + 15. Suppose -25 = -z - j*t, -3*z - 3*t = -0*t - 75. List the prime factors of z.
5
Suppose -l + 2*k + 3 = 0, -3*l = 2*k + 3*k - 9. Let b = l + -1. What are the prime factors of b?
2
Let v(y) = -2*y + 26. What are the prime factors of v(8)?
2, 5
Suppose -3*o = 2*s + o - 58, 0 = 4*s + 5*o - 116. List the prime factors of s.
29
Suppose -2*g + 0*g + 4 = 0. Suppose 0 = g*a - d - 16, 5*a - 12 = -2*d + 46. List the prime factors of a.
2, 5
Suppose 2*x - 61 = -4*w + 25, 0 = 4*x + 4*w - 156. What are the prime factors of x?
5, 7
Suppose 7*p - 46 = -4*z + 2*p, z - 3*p = 20. Suppose 2*j = z - 6. List the prime factors of j.
2
Suppose -3*d - 36 = 3*d. Let b(n) = -n**2 + 2*n - 3. Let p be b(2). What are the prime factors of 4*6*p/d?
2, 3
Suppose 5*k - 3*z - 418 = 0, 0 = -4*k - 4*z + 305 + 55. What are the prime factors of k?
2, 43
Let k be (2/2 - 0)*4. Suppose 3*z = b + 5*z - 12, 0 = -k*b + z + 30. Let q = b - -4. List the prime factors of q.
2, 3
Let u be 78/8 + (-5)/(-20). Let l be (4 + -3)/(2/u). Suppose -18 = l*f - 7*f. List the prime factors of f.
3
Let y(m) = m**2 - 9*m + 2. Let n be y(7). Let q = -3 - n. What are the prime factors of q?
3
Suppose -3*s + 3*d + 168 = -0*d, 2*s = -2*d + 92. Let b = s - 27. What are the prime factors of 3/(9/b + 0)?
2
Let v(h) = 3*h**3 + 23*h**2 - 12*h + 18. Let t(i) = i**3 + 8*i**2 - 4*i + 6. Let j(l) = -8*t(l) + 3*v(l). List the prime factors of j(-5).
2, 13
Suppose -4*p + 3*f + 52 = 0, 5*p - 3*f - 64 = f. Let a = 69 - p. What are the prime factors of a?
53
Let j(p) = -3*p - 1. Let t be j(-2). Let x(o) = -o**2 + 6*o - 3. Let l be x(t). Suppose -5*q = 2*m + l*m - 40, -4*q + 38 = 2*m. What are the prime factors of q?
2, 3
Let h = 339 - 79. What are the prime factors of (2/8)/(5/h)?
13
Let q(x) = -x + 4. Let i be (-6)/15 + 64/10. Let h be q(i). List the prime factors of 0/h + (1 - -5).
2, 3
Let n = 42 + -30. List the prime factors of (1 + n/(-9))*-57.
19
Let y be 4/(4*(-1)/(-2)). Suppose -y*p + 14 = -0*p. List the prime factors of p.
7
Suppose 5*z - 3*z + 3 = i, -3*i = 3. Suppose 3*y + 3*v + 47 = 4*v, -5*y + v = 79. Let g = z - y. List the prime factors of g.
2, 7
Let a = 51 - 34. What are the prime factors of a?
17
Let a = -109 + 281. List the prime factors of a.
2, 43
Suppose 0 = -6*c + 1380 - 60. What are the prime factors of c?
2, 5, 11
Let x = 4 - 4. Suppose -v - 2*v - 102 = x. What are the prime factors of v/(-4)*(-8 - -10)?
17
Let w = 92 + -53. List the prime factors of w.
3, 13
Let o = -273 - -505. What are the prime factors of o?
2, 29
Suppose -2*x + 0 = -8. Let g be -3*x/(24/(-10)). Let t = 8 - g. What are the prime factors of t?
3
Let l = 49 - -52. List the prime factors of l.
101
Let f(r) = 42*r**2 + 2*r - 3. What are the prime factors of f(-2)?
7, 23
Let y = 45 - 11. List the prime factors of y.
2, 17
Let u(y) = -y**2 + 1. Let b be u(-1). Suppose b = 4*k - 20, -2*x + 0*x - 8 = -4*k. List the prime factors of x.
2, 3
Let x be (-16)/(-7) - 4/14. Let r be (0/((-2)/1))/(-1). Suppose -x*v + k + 11 = 0, 3*v + r*v = -4*k + 44. List the prime factors of v.
2
Let l(i) = -i - 5. Let v be l(-5). Let a(o) = 3*o + v*o - 4*o - 5*o. What are the prime factors of a(-3)?
2, 3
Let z be 90/(-25)*(-10)/2. Suppose 5*y + 3 = z. Suppose y*j - 34 = j. What are the prime factors of j?
17
Suppose 2*z = -0*z - 2*o + 18, -5*z - 4*o = -48. List the prime factors of z.
2, 3
Let l(f) = -30*f**3 + f**2 - 2*f - 4. What are the prime factors of l(-2)?
2, 61
Let o(b) = 2*b**2 + 2*b - 2. Let w be o(2). Let a be 8/10*w/4. Suppose -3*t + 35 = a*t. What are the prime factors of t?
7
Let h(l) = 2*l**3 - 7*l**2 + 6*l - 6. List the prime factors of h(5).
3, 11
Let h be 6/((0 + 2)*1). Suppose -3*m + 21 = h*a + m, -5*a - 5*m = -30. What are the prime factors of (-6 + 0)*(-3)/a?
2, 3
Suppose -2 = -0*q + 2*q. Let n(b) = -b**2 - b - 2. Let a be n(-2). Let o = q - a. What are the prime factors of o?
3
Let y = 8 + -4. Suppose 21 = r - y*r. Let u = r - -10. What are the prime factors of u?
3
List the prime factors of (9/(-27))/(2/(-108)).
2, 3
Let a = 16 - 10. Let z(x) be the second derivative of x**4/12 - 2*x**3/3 + 3*x**2/2 - 5*x. List the prime factors of z(a).
3, 5
Suppose 9 = 4*m + 1. Suppose -m*p + 31 = 1. List the prime factors of p.
3, 5
Let u(r) = r**3 + 10*r**2 + 6*r - 12. Suppose -6 - 2 = -4*a. Suppose -a*p - 18 = -0*p. List the prime factors of u(p).
3, 5
Let g(m) be the first derivative of -m**2 - 12*m + 4. Suppose 9 = -2*c + 3*i - 6, -5*c = 4*i + 49. List the prime factors of g(c).
2, 3
Let b(l) = l**3 + 2*l**2 - 4*l - 7. Let m be b(5). Suppose -3*f + m - 37 = 0. List the prime factors of f.
37
Let n = 384 - 210. List the prime factors of n.
2, 3, 29
Let h = -95 + 95. Suppose -5*d = -4 + 9. What are the prime factors of d*4/(-2) - h?
2
Let q(f) = -2*f + 5. Let m be q(6). Suppose -2 = -2*d - 2*j - 20, 3*d + 39 = j. Let b = m - d. List the prime factors of b.
5
Suppose 0*a = -3*a. Suppose a*f - 52 = -2*f. What are the prime factors of f?
2, 13
Let v(i) = -i**3 + 5*i**2 + i + 3. Let t be v(5). Let q(z) = z**3 - 7*z**2 - 8*z + 5. Let s be q(t). What are the prime factors of s + 0 + 2 + -3?
2
Suppose -4*s = 2*a - 40, -3*a + 20 = -s - 68. List the prime factors of a.
2, 7
Let r = 362 - 219. List the prime factors of r.
11, 13
Let k(q) = -q + 9. Let y be k(7). Suppose -4*v + 5*c - 43 - 36 = 0, -35 = y*v - c. Let t = v + 26. List the prime factors of t.
2, 5
Let u(l) = -4*l - 13. List the prime factors of u(-18).
59
Let a = -1 + 5. Suppose 38 = a*p - 10. List the prime factors of p.
2, 3
Let l(d) = 45*d**2 + 2*d. List the prime factors of l(2).
2, 23
Let u be (-3)/2*16/(-6). Suppose 4*h + 5*b = -9, -2*h - 17 = u*b - 5. Suppose h*a = 38 + 14. What are the prime factors of a?
13
Let k(j) = 16*j**2 - j + 3. List the prime factors of k(-2).
3, 23
List the prime factors of 0/6 + (1 - -6).
7
Suppose -6 = -0*m + 2*m + 2*g, -4*m = -4*g + 36. Let t(c) = -3*c - 2 - 5 - 2. What are the prime factors of t(m)?
3
Suppose -4*w + 5 = -3*w. Suppose 0 = -w*j + 30 + 75. List the prime factors of j.
3, 7
Suppose 0 = -14*a + 17*a - 72. List the prime factors of a.
2, 3
List the prime factors of (1 - 3)/((-2)/358) + -1.
3, 7, 17
Let y(h) = -2*h - 6. Let g be y(-4). Suppose -5 = -g*z + 37. List the prime factors of z.
3, 7
Let z be (-12)/(-1) - (4 - 4). Let k = z + -6. List the prime factors of k.
2, 3
Let y = -114 + 211. What are the prime factors of y?
97
Let v(d) = -d**2 - 8*d - 2. Let g be v(-6). Suppose 3*b - 5*b = g. Let r = 2 - b. What are the prime factors of r?
7
Let s(p) = -p**2 + 11*p - 4